*2 + 4*r + 8. Let m be -2 + (-1)/2*-6. Suppose -3*w - m - 14 = 0. What is the units digit of d(w)?
3
Let m(s) = -s**2 + 56*s + 275. What is the units digit of m(51)?
0
Let p be ((-3)/(-2))/((-2)/(-136)). What is the tens digit of (10/(-5) - -4) + p?
0
Let v = -220 + 228. Suppose 3*o = -21 + 72. Let m = o - v. What is the units digit of m?
9
Let i(g) = 4*g**3 - 4*g - 5. Let r be i(-2). Let w = r - -148. What is the units digit of w?
9
Suppose 332*i - 320*i = 264. What is the tens digit of i?
2
Let v = -69 + 72. What is the hundreds digit of v*(341 + -1)*13/78?
1
Let h be 3/1 - (-1 + 2). Suppose -5*o + 67 = -2*o - 5*g, 24 = o - h*g. Suppose -o = 5*v - 249. What is the units digit of v?
7
Suppose -4*i - 13 = -5. What is the units digit of (2 + -4)/i + 182?
3
Let a = 1 + 0. Suppose -3*p = 3*p - 42. Let y = p - a. What is the units digit of y?
6
Let d(y) = y**3 - 3*y**2 - 7*y + 19. Suppose 6*k + 30 = 12*k. What is the tens digit of d(k)?
3
Let a be 0/(-4) - (2 + -1). Let s(x) = x**2 + x. Let o be s(a). Suppose o = k - 2*k + 22. What is the units digit of k?
2
Let b = 0 + 2. Suppose -u = 3*u - b*c - 152, 5*u = 3*c + 189. What is the units digit of u?
9
Suppose -3*f + 15*f = 48. Suppose -2*c + 159 = -3*w, -56 = -c + f*w + 31. What is the tens digit of c?
7
Let k = 29 + -17. What is the units digit of 93/12 - 9/k?
7
Let u(v) = v**2 - 2*v + 2. Suppose 0 = -y - 5*x + 9, -10 + 1 = -2*y - x. Suppose -y*a + 4 = 3*l - 3, 2*l - 3*a + 1 = 0. What is the units digit of u(l)?
1
What is the tens digit of ((7 - 5) + -7)/((-2)/14)?
3
Suppose 5*t - 160 = -0*t. Suppose -4*y + 204 = t. What is the tens digit of y?
4
Let z(v) = 18*v**2 - 24*v - 160. What is the units digit of z(-6)?
2
Let c = 1754 + -1669. What is the tens digit of c?
8
Let y = 1 - 7. Let b = y - -9. Suppose -v - 3 = -5*j - 11, 3*v = b*j + 36. What is the units digit of v?
3
Let l(s) = -2*s**2 - 25*s + 5. What is the units digit of l(-6)?
3
Let q(g) = -g**3 - g**2. Let m be q(0). Suppose m = -j - 4*j - 30. What is the units digit of 4/j*(-37 + -5)?
8
Let i(o) = -304*o - 4. Let m be i(-1). Suppose -3*t + m = 3*w, -5*t + 4*w + 400 = -t. What is the units digit of t?
0
What is the units digit of 9/2*28112/168?
3
Let t(v) = v**3 + 3*v**2 + 2*v + 2. Let w be t(-2). Let a(o) = 12*o - 148 + 148. What is the units digit of a(w)?
4
Suppose 0 = -14*z + 2*z + 228. Suppose -5*a + 5*w = -5, 5*a + w + w - z = 0. What is the units digit of a?
3
Let f be 5/(-35) + 2516/(-28). Let q = -44 - f. What is the units digit of q?
6
Suppose 0 = 4*t - 9*t + 20. Suppose g = t*g. Suppose -5*j - 5*u = -g*u - 65, -2*u - 10 = 0. What is the tens digit of j?
1
Let u = -11 + 11. Suppose -2*l - 3*l + 260 = u. What is the units digit of l?
2
Suppose -1517 = 3*j - 6*j - 2*v, 0 = -3*j + 4*v + 1493. What is the units digit of j?
3
Let a = 12 + -10. Suppose v + a*t - 21 = -2*t, 0 = 3*t - 9. Suppose -2*b + 27 = -v. What is the tens digit of b?
1
Let z(h) = 6*h**2 + 3*h + 31. What is the units digit of z(9)?
4
What is the hundreds digit of 38 + -34 - (-1 - 3*82)?
2
Let l = 21 - 15. What is the units digit of 2 + ((-24)/(-14))/(l/63)?
0
Let b be -1*6/9*3. Let x be b/(-2)*2 - 0. Suppose -x*r + 12 + 62 = 0. What is the units digit of r?
7
Suppose 4*k + t - 1800 = 0, 6*k - 2*k - 3*t - 1784 = 0. What is the units digit of k?
9
Suppose 0 = -3*q - 21*q + 96240. What is the units digit of q?
0
Let o(j) = 17*j + 1. Let t be o(-1). Let k(g) = -g**3 + 6*g**2 + 8*g + 1. Let x be k(7). Let d = x - t. What is the units digit of d?
4
Suppose -o - 58 = o. Let b = o - -30. What is the tens digit of -3*(200/(-12))/b?
5
Let v = 52 - 52. What is the units digit of ((-3 - -197) + v)*(-1)/(-2)?
7
Suppose 3*c - 3*v - 6 = c, -3*c + 3*v + 3 = 0. Let n(q) = -3*q**3 + 3*q**2 + q - 2. What is the tens digit of n(c)?
0
What is the tens digit of ((-5960)/50)/(2/(-5))?
9
Suppose 8*y - 33352 = r + 3*r, r = -5*y + 20859. What is the hundreds digit of y?
1
Let u(r) = r**2 - 9*r - 14. Let t be u(10). Let f be (-4)/8 - 74/t. Let b = f - 12. What is the units digit of b?
6
Let t(h) = 6*h**2 - 4*h + 2. Suppose 3*u + 3*u = 126. Let z = 23 - u. What is the units digit of t(z)?
8
Suppose 5*j + 9 = -0*j - 3*c, 4*c = 4*j - 12. Suppose j + 2 = s. Suppose s*g - 41 = -11. What is the tens digit of g?
1
Let h = 2637 + 614. What is the tens digit of h?
5
Suppose c + 452 = -b + 1660, 3*c + b - 3630 = 0. What is the tens digit of c?
1
Suppose 0 = 3*y - 2*y + b + 1, 0 = -4*y - 5*b - 7. Let k(v) = 13*v**3 + 3*v**2 - 3*v + 1. Let s be k(y). Suppose -s = -7*t + 253. What is the tens digit of t?
5
Let b be (-2)/3 + (-348)/(-36). Let o = 7 - b. What is the units digit of ((-3)/(-1) - o) + 1?
6
Suppose -5*c - w + 1157 = -2*c, -5*w + 1935 = 5*c. What is the tens digit of c?
8
Suppose 15*k + 1407 = 18*k. What is the tens digit of k?
6
Let p(a) = -a + 16. Let l be p(13). Suppose -9 + 18 = -l*j. Let q = j - -35. What is the tens digit of q?
3
Suppose -13*l + 15720 + 6289 = 0. What is the thousands digit of l?
1
Let d = -53 - -56. What is the tens digit of -2*d/(-54) + (-18760)/(-126)?
4
Suppose -4*d + 28926 = 5786. What is the tens digit of d?
8
Let o be (2 + -2)/1 - (1 - 631). Suppose -o = -6*z - z. What is the units digit of z?
0
What is the thousands digit of (-57 - -51)/(1/(-228))?
1
Let p(z) = 42*z + 114. What is the thousands digit of p(31)?
1
Suppose 6*p + 5*z - 2370 = p, z + 1438 = 3*p. What is the tens digit of p?
7
Suppose -q + 3*q = 4*u - 10516, -u = -4*q - 2636. What is the tens digit of u?
2
Suppose 0 = -5*t - 2*n, -4*t + 3*n + 2*n = -33. Let u = -5 + 5. Suppose t*o - 14 = -u*o. What is the units digit of o?
7
Let m(n) = n**2 + 9*n - 13. Let h(k) = k**2 + 9*k - 13. Let w(i) = -3*h(i) + 4*m(i). What is the units digit of w(-11)?
9
What is the tens digit of (-460)/((-40)/(-4))*117/(-6)?
9
Suppose -s + 3 + 0 = 0. Suppose 0 = s*h - h - 74. What is the tens digit of h?
3
Let y(s) = 3*s - 17. Let d be y(7). Suppose -3*n + 261 = -2*k, 2*n - 18 = d*k + 164. What is the tens digit of n?
8
Let f = -11 - -14. Suppose 2*t = 4*k - 3 - f, 2*t - k = 6. Suppose 4*m + z = 20, -t*z + 2 = -2*m - 10. What is the units digit of m?
4
Suppose -5*o + c - 1 = -4, -2*o = 3*c + 9. Suppose o = -2*j + 5*j - 414. What is the units digit of j?
8
Suppose -3*s - t - 39 = 0, 0 = 5*s + 2*t + 33 + 33. Let d be 1234/(-7) + s/(-42). Let c = -124 - d. What is the units digit of c?
2
Let i(f) = f**3 - 7*f**2 - 22*f + 243. What is the units digit of i(17)?
9
Let n(r) = 2*r + 5. Let z(k) = k + 2. Let y(o) = 4*n(o) - 7*z(o). Let i be y(-4). Suppose -i*d - 3 = -121. What is the units digit of d?
9
Suppose -x + 8 = 6. Let i be 1 - x/(0 - 2). Suppose -4*g + 102 = -i*t, -2*t = g - 17 - 6. What is the tens digit of g?
2
Suppose 3*x + 40 = -7*x. Let z(h) = h**3 + 3*h**2 - 6*h - 1. What is the units digit of z(x)?
7
Let n be (2/6)/((-3)/(-1881)). Let k = n + -147. What is the tens digit of k?
6
Let k(r) = -2*r**3 - 3*r**2 + 6*r + 1. Let v be k(6). Let p = -195 - -183. What is the units digit of v/(-8) + p/(-96)?
3
Let s(c) = 2*c + 14. Let y(q) = q**2 + 13*q + 12. Let k be y(-11). Let u be s(k). What is the units digit of (-12)/(-9)*(-9)/u?
2
Let k(p) = p + 1. Let g(f) = f**2 - 12*f + 22. Let h(t) = t**2 - 12*t + 22. Let y(n) = -6*g(n) + 5*h(n). Let o be y(9). What is the units digit of k(o)?
6
Let m = 150 + -80. Suppose 7*x = 5*x + m. Let i = 6 + x. What is the units digit of i?
1
Let d(r) = 20*r + 19. What is the hundreds digit of d(16)?
3
What is the hundreds digit of 533368/374 - 4/34?
4
Suppose 2866 = 3*t + 4*p, -5*t + 4*p = -t - 3840. What is the tens digit of t?
5
Let h be -10*2/8*-14. Suppose -3*c - 13 - h = -b, 0 = -2*b - 5*c + 74. What is the tens digit of b?
4
What is the hundreds digit of 5*(-16)/120*(-4212)/3?
9
Suppose -2*s - 4*b + 40 = 0, -s + 4*b - 2*b = -12. Suppose -12*q + 16*q = 60. Let t = s - q. What is the units digit of t?
1
Let n(c) = -c**3 - c**2 - 1. Let g(h) be the first derivative of -h**4/2 - 4*h**3 + 7*h - 5. Let f(k) = g(k) - 3*n(k). What is the units digit of f(9)?
0
Let b be 1*-3 + (-5)/5 - -3. What is the units digit of (-6 - b)*((-432)/20 + 0)?
8
Let k(l) = l. Let g(y) = 2*y**2 - 2*y - 2. Let z(s) = -g(s) + k(s). Let r(m) = 5*m**2 - 5*m - 3. Let w(j) = 3*r(j) + 7*z(j). What is the units digit of w(-